{"id":940,"date":"2017-02-22T22:38:31","date_gmt":"2017-02-23T02:38:31","guid":{"rendered":"http:\/\/puellaro.gob.ec\/pichincha\/?page_id=940"},"modified":"2017-06-30T03:03:24","modified_gmt":"2017-06-30T07:03:24","slug":"rendicion-de-cuentas-2017","status":"publish","type":"page","link":"https:\/\/puellaro.gob.ec\/pichincha\/?page_id=940","title":{"rendered":"Rendici\u00f3n de Cuentas 2016"},"content":{"rendered":"<p>FASE 1 &#8211; PLANIFICACI\u00d3N Y FACILITACI\u00d3N DEL PROCESO<\/p>\n<p>1.- <a href=\"http:\/\/puellaro.gob.ec\/pichincha\/wp-content\/uploads\/2017\/02\/Organizaci\u00f2n-del-Proceso-.pdf\">Organizaci\u00f2n del Proceso<\/a><\/p>\n<p><a href=\"http:\/\/puellaro.gob.ec\/pichincha\/wp-content\/uploads\/2017\/02\/CONTRATTO-T\u00c9CNICO-PARA-RENDICI\u00d3N-DE-CUENTAS.pdf\">CONTRATTO T\u00c9CNICO PARA RENDICI\u00d3N DE CUENTAS<\/a><\/p>\n<p>2.- Consulta Ciudadana-\u00a0<a href=\"http:\/\/puellaro.gob.ec\/pichincha\/wp-content\/uploads\/2017\/02\/CONVOCATORIA-A-ORGANIZACIONES-SOCIALES-Y-CIUDADAN\u00cdA-EN-GENERAL.pdf\">CONVOCATORIA A ORGANIZACIONES SOCIALES Y CIUDADAN\u00cdA EN GENERAL<\/a><\/p>\n<p><a href=\"http:\/\/puellaro.gob.ec\/pichincha\/wp-content\/uploads\/2017\/02\/CONSULTA-A-LA-CIUDADANIA-REGISTRO-DE-CONVOCATORIAS-PARA-DELIBERACI\u00d3N-P\u00daBLICA.pdf\">REGISTRO DE CONVOCATORIAS PARA DELIBERACI\u00d3N P\u00daBLICA<\/a><\/p>\n<p>3.- Entrega de temas para que el GAD rinda cuentas<\/p>\n<p><a href=\"http:\/\/puellaro.gob.ec\/pichincha\/wp-content\/uploads\/2017\/02\/TEMAS-ENTREGADOS-POR-LA-CUIDADANIA.pdf\">TEMAS ENTREGADOS POR LA CUIDADANIA<\/a><\/p>\n<p><a href=\"http:\/\/puellaro.gob.ec\/pichincha\/wp-content\/uploads\/2017\/02\/respuesta-al-ciudadano.pdf\">respuesta desde el GAD al ciudadano<\/a><\/p>\n<p>4.- <a href=\"http:\/\/puellaro.gob.ec\/pichincha\/wp-content\/uploads\/2017\/02\/Instancias-de-Participaci\u00f2n.pdf\">Instancias de Participaci\u00f2n<\/a><\/p>\n<p><a href=\"http:\/\/puellaro.gob.ec\/pichincha\/wp-content\/uploads\/2017\/02\/FLUJOGRAMA-DE-LA-FASE.pdf\">FLUJOGRAMA DE LA FASE<\/a><\/p>\n<p>FASE 2 &#8211; EVALUACI\u00d3N DE LA GESTI\u00d3N Y ELABORACI\u00d3N DEL INFORME DE RENDICI\u00d3N DE CUENTAS<\/p>\n<p>1.- Evaluaci\u00f3n de la gesti\u00f3n institucional<\/p>\n<p>2.- Llenado formulario del CPCCS<\/p>\n<p>3.- Aprobaci\u00f3n del informe por el GAD<\/p>\n<p>4.- Entrega previa del informe a la Asamblea Ciudadana Local<\/p>\n<p>FASE 3 &#8211; DELIBERACI\u00d3N P\u00daBLICA Y EVALUACI\u00d3N CIUDADANA DEL INFORME DE RENDICI\u00d3N DE CUENTAS<\/p>\n<p>1.- La Asamblea Ciudadana Local eval\u00faa el informe de Rendici\u00f3n de Cuentas<\/p>\n<p>2.- \u00a0Difusi\u00f3n previa del informe de Rendici\u00f3n de Cuentas<\/p>\n<p><a href=\"http:\/\/puellaro.gob.ec\/pichincha\/wp-content\/uploads\/2017\/02\/Borrador-Rendici\u00f2n-de-cuentas-Pu\u00e9llaro2017-a\u00f1o-Fiscal-2016.pdf\">Borrador Rendici\u00f2n de cuentas Pu\u00e9llaro2017- a\u00f1o Fiscal 2016<\/a><\/p>\n<p>3.- Convocatoria a la deliberaci\u00f3n p\u00fablica y evaluaci\u00f3n \u00a0ciudadana<\/p>\n<p>&nbsp;<\/p>\n<p><img loading=\"lazy\" decoding=\"async\" class=\"alignnone size-full wp-image-1016\" src=\"http:\/\/puellaro.gob.ec\/pichincha\/wp-content\/uploads\/2017\/02\/convoctoria-RC-GAD-Pu\u00e9llaro-2016.png\" alt=\"\" width=\"700\" height=\"394\" data-id=\"1016\" srcset=\"https:\/\/puellaro.gob.ec\/pichincha\/wp-content\/uploads\/2017\/02\/convoctoria-RC-GAD-Pu\u00e9llaro-2016.png 700w, https:\/\/puellaro.gob.ec\/pichincha\/wp-content\/uploads\/2017\/02\/convoctoria-RC-GAD-Pu\u00e9llaro-2016-550x310.png 550w\" sizes=\"auto, (max-width: 700px) 100vw, 700px\" \/><\/p>\n<p><a href=\"https:\/\/www.facebook.com\/762015620495903\/photos\/a.762187897145342.1073741828.762015620495903\/1509342015763256\/?type=3&amp;theater\">https:\/\/www.facebook.com\/762015620495903\/photos\/a.762187897145342.1073741828.762015620495903\/1509342015763256\/?type=3&amp;theater<\/a><\/p>\n<p>4.- Deliberaci\u00f3n p\u00fablica y evaluaci\u00f3n ciudadana<\/p>\n<p><img loading=\"lazy\" decoding=\"async\" class=\"alignnone size-full wp-image-1034\" src=\"http:\/\/puellaro.gob.ec\/pichincha\/wp-content\/uploads\/2017\/02\/Asamblea.jpg\" alt=\"\" width=\"700\" height=\"394\" data-id=\"1034\" srcset=\"https:\/\/puellaro.gob.ec\/pichincha\/wp-content\/uploads\/2017\/02\/Asamblea.jpg 700w, https:\/\/puellaro.gob.ec\/pichincha\/wp-content\/uploads\/2017\/02\/Asamblea-550x310.jpg 550w\" sizes=\"auto, (max-width: 700px) 100vw, 700px\" \/><\/p>\n<p><a href=\"https:\/\/www.facebook.com\/pg\/GAD-Parroquial-Pu%C3%A9llaro-P%C3%A1g-Oficial-762015620495903\/photos\/?tab=album&amp;album_id=1552929021404555\">https:\/\/www.facebook.com\/pg\/GAD-Parroquial-Pu%C3%A9llaro-P%C3%A1g-Oficial-762015620495903\/photos\/?tab=album&amp;album_id=1552929021404555<\/a><\/p>\n<p><a href=\"http:\/\/puellaro.gob.ec\/pichincha\/wp-content\/uploads\/2017\/02\/Orden-del-Dia-Deliberacion-Publica-.pdf\">Orden del Dia Deliberacion Publica<\/a><\/p>\n<p>FASE 4 &#8211; INCORPORACI\u00d3N DE LA OPINI\u00d3N CIUDADANA, RETROALIMENTACI\u00d3N Y SEGUIMIENTO<\/p>\n<p>1.- Incorporaci\u00f3n de opini\u00f3n ciudadana<\/p>\n<p>2.-Entrega del Informe de Rendici\u00f3n de Cuentas al CPCCS<\/p>\n<p>3.- Monitoreo del cumplimiento del proceso por el CPCCS<\/p>\n","protected":false},"excerpt":{"rendered":"<p>FASE 1 &#8211; PLANIFICACI\u00d3N Y FACILITACI\u00d3N DEL PROCESO 1.- Organizaci\u00f2n del Proceso CONTRATTO T\u00c9CNICO PARA RENDICI\u00d3N DE CUENTAS 2.- Consulta Ciudadana-\u00a0CONVOCATORIA A ORGANIZACIONES SOCIALES Y CIUDADAN\u00cdA EN GENERAL REGISTRO DE CONVOCATORIAS PARA DELIBERACI\u00d3N P\u00daBLICA 3.- Entrega de temas para que el GAD rinda cuentas TEMAS ENTREGADOS POR LA CUIDADANIA respuesta desde el GAD al ciudadano&#8230;<\/p>\n","protected":false},"author":6,"featured_media":0,"parent":0,"menu_order":0,"comment_status":"closed","ping_status":"closed","template":"","meta":{"footnotes":""},"class_list":["post-940","page","type-page","status-publish","hentry"],"_links":{"self":[{"href":"https:\/\/puellaro.gob.ec\/pichincha\/index.php?rest_route=\/wp\/v2\/pages\/940","targetHints":{"allow":["GET"]}}],"collection":[{"href":"https:\/\/puellaro.gob.ec\/pichincha\/index.php?rest_route=\/wp\/v2\/pages"}],"about":[{"href":"https:\/\/puellaro.gob.ec\/pichincha\/index.php?rest_route=\/wp\/v2\/types\/page"}],"author":[{"embeddable":true,"href":"https:\/\/puellaro.gob.ec\/pichincha\/index.php?rest_route=\/wp\/v2\/users\/6"}],"replies":[{"embeddable":true,"href":"https:\/\/puellaro.gob.ec\/pichincha\/index.php?rest_route=%2Fwp%2Fv2%2Fcomments&post=940"}],"version-history":[{"count":26,"href":"https:\/\/puellaro.gob.ec\/pichincha\/index.php?rest_route=\/wp\/v2\/pages\/940\/revisions"}],"predecessor-version":[{"id":1052,"href":"https:\/\/puellaro.gob.ec\/pichincha\/index.php?rest_route=\/wp\/v2\/pages\/940\/revisions\/1052"}],"wp:attachment":[{"href":"https:\/\/puellaro.gob.ec\/pichincha\/index.php?rest_route=%2Fwp%2Fv2%2Fmedia&parent=940"}],"curies":[{"name":"wp","href":"https:\/\/api.w.org\/{rel}","templated":true}]}}

Rendición de Cuentas 2016

<p>FASE 1 &#8211; PLANIFICACIÓN Y FACILITACIÓN DEL PROCESO</p>
<p>1.- <a href="http://puellaro.gob.ec/pichincha/wp-content/uploads/2017/02/Organizaciòn-del-Proceso-.pdf">Organizaciòn del Proceso</a></p>
<p><a href="http://puellaro.gob.ec/pichincha/wp-content/uploads/2017/02/CONTRATTO-TÉCNICO-PARA-RENDICIÓN-DE-CUENTAS.pdf">CONTRATTO TÉCNICO PARA RENDICIÓN DE CUENTAS</a></p>
<p>2.- Consulta Ciudadana- <a href="http://puellaro.gob.ec/pichincha/wp-content/uploads/2017/02/CONVOCATORIA-A-ORGANIZACIONES-SOCIALES-Y-CIUDADANÍA-EN-GENERAL.pdf">CONVOCATORIA A ORGANIZACIONES SOCIALES Y CIUDADANÍA EN GENERAL</a></p>
<p><a href="http://puellaro.gob.ec/pichincha/wp-content/uploads/2017/02/CONSULTA-A-LA-CIUDADANIA-REGISTRO-DE-CONVOCATORIAS-PARA-DELIBERACIÓN-PÚBLICA.pdf">REGISTRO DE CONVOCATORIAS PARA DELIBERACIÓN PÚBLICA</a></p>
<p>3.- Entrega de temas para que el GAD rinda cuentas</p>
<p><a href="http://puellaro.gob.ec/pichincha/wp-content/uploads/2017/02/TEMAS-ENTREGADOS-POR-LA-CUIDADANIA.pdf">TEMAS ENTREGADOS POR LA CUIDADANIA</a></p>
<p><a href="http://puellaro.gob.ec/pichincha/wp-content/uploads/2017/02/respuesta-al-ciudadano.pdf">respuesta desde el GAD al ciudadano</a></p>
<p>4.- <a href="http://puellaro.gob.ec/pichincha/wp-content/uploads/2017/02/Instancias-de-Participaciòn.pdf">Instancias de Participaciòn</a></p>
<p><a href="http://puellaro.gob.ec/pichincha/wp-content/uploads/2017/02/FLUJOGRAMA-DE-LA-FASE.pdf">FLUJOGRAMA DE LA FASE</a></p>
<p>FASE 2 &#8211; EVALUACIÓN DE LA GESTIÓN Y ELABORACIÓN DEL INFORME DE RENDICIÓN DE CUENTAS</p>
<p>1.- Evaluación de la gestión institucional</p>
<p>2.- Llenado formulario del CPCCS</p>
<p>3.- Aprobación del informe por el GAD</p>
<p>4.- Entrega previa del informe a la Asamblea Ciudadana Local</p>
<p>FASE 3 &#8211; DELIBERACIÓN PÚBLICA Y EVALUACIÓN CIUDADANA DEL INFORME DE RENDICIÓN DE CUENTAS</p>
<p>1.- La Asamblea Ciudadana Local evalúa el informe de Rendición de Cuentas</p>
<p>2.-  Difusión previa del informe de Rendición de Cuentas</p>
<p><a href="http://puellaro.gob.ec/pichincha/wp-content/uploads/2017/02/Borrador-Rendiciòn-de-cuentas-Puéllaro2017-año-Fiscal-2016.pdf">Borrador Rendiciòn de cuentas Puéllaro2017- año Fiscal 2016</a></p>
<p>3.- Convocatoria a la deliberación pública y evaluación  ciudadana</p>
<p>&nbsp;</p>
<p><img loading="lazy" decoding="async" class="alignnone size-full wp-image-1016" src="http://puellaro.gob.ec/pichincha/wp-content/uploads/2017/02/convoctoria-RC-GAD-Puéllaro-2016.png" alt="" width="700" height="394" data-id="1016" srcset="https://puellaro.gob.ec/pichincha/wp-content/uploads/2017/02/convoctoria-RC-GAD-Puéllaro-2016.png 700w, https://puellaro.gob.ec/pichincha/wp-content/uploads/2017/02/convoctoria-RC-GAD-Puéllaro-2016-550x310.png 550w" sizes="auto, (max-width: 700px) 100vw, 700px" /></p>
<p><a href="https://www.facebook.com/762015620495903/photos/a.762187897145342.1073741828.762015620495903/1509342015763256/?type=3&amp;theater">https://www.facebook.com/762015620495903/photos/a.762187897145342.1073741828.762015620495903/1509342015763256/?type=3&amp;theater</a></p>
<p>4.- Deliberación pública y evaluación ciudadana</p>
<p><img loading="lazy" decoding="async" class="alignnone size-full wp-image-1034" src="http://puellaro.gob.ec/pichincha/wp-content/uploads/2017/02/Asamblea.jpg" alt="" width="700" height="394" data-id="1034" srcset="https://puellaro.gob.ec/pichincha/wp-content/uploads/2017/02/Asamblea.jpg 700w, https://puellaro.gob.ec/pichincha/wp-content/uploads/2017/02/Asamblea-550x310.jpg 550w" sizes="auto, (max-width: 700px) 100vw, 700px" /></p>
<p><a href="https://www.facebook.com/pg/GAD-Parroquial-Pu%C3%A9llaro-P%C3%A1g-Oficial-762015620495903/photos/?tab=album&amp;album_id=1552929021404555">https://www.facebook.com/pg/GAD-Parroquial-Pu%C3%A9llaro-P%C3%A1g-Oficial-762015620495903/photos/?tab=album&amp;album_id=1552929021404555</a></p>
<p><a href="http://puellaro.gob.ec/pichincha/wp-content/uploads/2017/02/Orden-del-Dia-Deliberacion-Publica-.pdf">Orden del Dia Deliberacion Publica</a></p>
<p>FASE 4 &#8211; INCORPORACIÓN DE LA OPINIÓN CIUDADANA, RETROALIMENTACIÓN Y SEGUIMIENTO</p>
<p>1.- Incorporación de opinión ciudadana</p>
<p>2.-Entrega del Informe de Rendición de Cuentas al CPCCS</p>
<p>3.- Monitoreo del cumplimiento del proceso por el CPCCS</p>

<p>FASE 1 &#8211; PLANIFICACIÓN Y FACILITACIÓN DEL PROCESO 1.- Organizaciòn del Proceso CONTRATTO TÉCNICO PARA RENDICIÓN DE CUENTAS 2.- Consulta Ciudadana- CONVOCATORIA A ORGANIZACIONES SOCIALES Y CIUDADANÍA EN GENERAL REGISTRO DE CONVOCATORIAS PARA DELIBERACIÓN PÚBLICA 3.- Entrega de temas para que el GAD rinda cuentas TEMAS ENTREGADOS POR LA CUIDADANIA respuesta desde el GAD al ciudadano&#8230;</p>
