{"id":2020,"date":"2020-02-19T17:28:57","date_gmt":"2020-02-19T21:28:57","guid":{"rendered":"http:\/\/puellaro.gob.ec\/pichincha\/?page_id=2020"},"modified":"2021-06-24T17:56:50","modified_gmt":"2021-06-24T21:56:50","slug":"rendicion-de-cuentas-2020","status":"publish","type":"page","link":"https:\/\/puellaro.gob.ec\/pichincha\/?page_id=2020","title":{"rendered":"Rendici\u00f3n de Cuentas 2020"},"content":{"rendered":"<p><img loading=\"lazy\" decoding=\"async\" class=\"alignnone  wp-image-2809\" src=\"https:\/\/puellaro.gob.ec\/pichincha\/wp-content\/uploads\/2021\/06\/IMG_0155-550x309.jpg\" alt=\"\" width=\"589\" height=\"331\" srcset=\"https:\/\/puellaro.gob.ec\/pichincha\/wp-content\/uploads\/2021\/06\/IMG_0155-550x309.jpg 550w, https:\/\/puellaro.gob.ec\/pichincha\/wp-content\/uploads\/2021\/06\/IMG_0155-1024x576.jpg 1024w, https:\/\/puellaro.gob.ec\/pichincha\/wp-content\/uploads\/2021\/06\/IMG_0155-768x432.jpg 768w, https:\/\/puellaro.gob.ec\/pichincha\/wp-content\/uploads\/2021\/06\/IMG_0155-1536x864.jpg 1536w, https:\/\/puellaro.gob.ec\/pichincha\/wp-content\/uploads\/2021\/06\/IMG_0155-2048x1152.jpg 2048w\" sizes=\"auto, (max-width: 589px) 100vw, 589px\" \/><img loading=\"lazy\" decoding=\"async\" class=\"alignnone  wp-image-2808\" src=\"https:\/\/puellaro.gob.ec\/pichincha\/wp-content\/uploads\/2021\/06\/IMG_0129-550x309.jpg\" alt=\"\" width=\"413\" height=\"232\" srcset=\"https:\/\/puellaro.gob.ec\/pichincha\/wp-content\/uploads\/2021\/06\/IMG_0129-550x309.jpg 550w, https:\/\/puellaro.gob.ec\/pichincha\/wp-content\/uploads\/2021\/06\/IMG_0129-1024x576.jpg 1024w, https:\/\/puellaro.gob.ec\/pichincha\/wp-content\/uploads\/2021\/06\/IMG_0129-768x432.jpg 768w, https:\/\/puellaro.gob.ec\/pichincha\/wp-content\/uploads\/2021\/06\/IMG_0129-1536x864.jpg 1536w, https:\/\/puellaro.gob.ec\/pichincha\/wp-content\/uploads\/2021\/06\/IMG_0129-2048x1152.jpg 2048w\" sizes=\"auto, (max-width: 413px) 100vw, 413px\" \/><img loading=\"lazy\" decoding=\"async\" class=\"alignnone  wp-image-2807\" src=\"https:\/\/puellaro.gob.ec\/pichincha\/wp-content\/uploads\/2021\/06\/IMG_0097-550x309.jpg\" alt=\"\" width=\"407\" height=\"229\" srcset=\"https:\/\/puellaro.gob.ec\/pichincha\/wp-content\/uploads\/2021\/06\/IMG_0097-550x309.jpg 550w, https:\/\/puellaro.gob.ec\/pichincha\/wp-content\/uploads\/2021\/06\/IMG_0097-1024x576.jpg 1024w, https:\/\/puellaro.gob.ec\/pichincha\/wp-content\/uploads\/2021\/06\/IMG_0097-768x432.jpg 768w, https:\/\/puellaro.gob.ec\/pichincha\/wp-content\/uploads\/2021\/06\/IMG_0097-1536x864.jpg 1536w, https:\/\/puellaro.gob.ec\/pichincha\/wp-content\/uploads\/2021\/06\/IMG_0097-2048x1152.jpg 2048w\" sizes=\"auto, (max-width: 407px) 100vw, 407px\" \/><img loading=\"lazy\" decoding=\"async\" class=\"alignnone  wp-image-2806\" src=\"https:\/\/puellaro.gob.ec\/pichincha\/wp-content\/uploads\/2021\/06\/IMG_0077-550x309.jpg\" alt=\"\" width=\"400\" height=\"225\" srcset=\"https:\/\/puellaro.gob.ec\/pichincha\/wp-content\/uploads\/2021\/06\/IMG_0077-550x309.jpg 550w, https:\/\/puellaro.gob.ec\/pichincha\/wp-content\/uploads\/2021\/06\/IMG_0077-1024x576.jpg 1024w, https:\/\/puellaro.gob.ec\/pichincha\/wp-content\/uploads\/2021\/06\/IMG_0077-768x432.jpg 768w, https:\/\/puellaro.gob.ec\/pichincha\/wp-content\/uploads\/2021\/06\/IMG_0077-1536x864.jpg 1536w, https:\/\/puellaro.gob.ec\/pichincha\/wp-content\/uploads\/2021\/06\/IMG_0077-2048x1152.jpg 2048w\" sizes=\"auto, (max-width: 400px) 100vw, 400px\" \/><img loading=\"lazy\" decoding=\"async\" class=\"alignnone  wp-image-2805\" src=\"https:\/\/puellaro.gob.ec\/pichincha\/wp-content\/uploads\/2021\/06\/IMG_0066-550x309.jpg\" alt=\"\" width=\"377\" height=\"212\" srcset=\"https:\/\/puellaro.gob.ec\/pichincha\/wp-content\/uploads\/2021\/06\/IMG_0066-550x309.jpg 550w, https:\/\/puellaro.gob.ec\/pichincha\/wp-content\/uploads\/2021\/06\/IMG_0066-1024x576.jpg 1024w, https:\/\/puellaro.gob.ec\/pichincha\/wp-content\/uploads\/2021\/06\/IMG_0066-768x432.jpg 768w, https:\/\/puellaro.gob.ec\/pichincha\/wp-content\/uploads\/2021\/06\/IMG_0066-1536x864.jpg 1536w, https:\/\/puellaro.gob.ec\/pichincha\/wp-content\/uploads\/2021\/06\/IMG_0066-2048x1152.jpg 2048w\" sizes=\"auto, (max-width: 377px) 100vw, 377px\" \/><img loading=\"lazy\" decoding=\"async\" class=\"alignnone  wp-image-2804\" src=\"https:\/\/puellaro.gob.ec\/pichincha\/wp-content\/uploads\/2021\/06\/IMG_0053-550x309.jpg\" alt=\"\" width=\"377\" height=\"212\" srcset=\"https:\/\/puellaro.gob.ec\/pichincha\/wp-content\/uploads\/2021\/06\/IMG_0053-550x309.jpg 550w, https:\/\/puellaro.gob.ec\/pichincha\/wp-content\/uploads\/2021\/06\/IMG_0053-1024x576.jpg 1024w, https:\/\/puellaro.gob.ec\/pichincha\/wp-content\/uploads\/2021\/06\/IMG_0053-768x432.jpg 768w, https:\/\/puellaro.gob.ec\/pichincha\/wp-content\/uploads\/2021\/06\/IMG_0053-1536x864.jpg 1536w, https:\/\/puellaro.gob.ec\/pichincha\/wp-content\/uploads\/2021\/06\/IMG_0053-2048x1152.jpg 2048w\" sizes=\"auto, (max-width: 377px) 100vw, 377px\" \/>\u00a0 \u00a0 \u00a0 \u00a0 \u00a0 \u00a0 \u00a0 \u00a0 \u00a0<img loading=\"lazy\" decoding=\"async\" class=\"alignnone  wp-image-2802\" src=\"https:\/\/puellaro.gob.ec\/pichincha\/wp-content\/uploads\/2021\/06\/IMG_0041-550x309.jpg\" alt=\"\" width=\"365\" height=\"205\" srcset=\"https:\/\/puellaro.gob.ec\/pichincha\/wp-content\/uploads\/2021\/06\/IMG_0041-550x309.jpg 550w, https:\/\/puellaro.gob.ec\/pichincha\/wp-content\/uploads\/2021\/06\/IMG_0041-1024x576.jpg 1024w, https:\/\/puellaro.gob.ec\/pichincha\/wp-content\/uploads\/2021\/06\/IMG_0041-768x432.jpg 768w, https:\/\/puellaro.gob.ec\/pichincha\/wp-content\/uploads\/2021\/06\/IMG_0041-1536x864.jpg 1536w, https:\/\/puellaro.gob.ec\/pichincha\/wp-content\/uploads\/2021\/06\/IMG_0041-2048x1152.jpg 2048w\" sizes=\"auto, (max-width: 365px) 100vw, 365px\" \/> \u00a0 \u00a0 \u00a0\u00a0 \u00a0 \u00a0 \u00a0 \u00a0 \u00a0 \u00a0 \u00a0 \u00a0<img loading=\"lazy\" decoding=\"async\" class=\"alignnone  wp-image-2801\" src=\"https:\/\/puellaro.gob.ec\/pichincha\/wp-content\/uploads\/2021\/06\/IMG_0034-550x309.jpg\" alt=\"\" width=\"351\" height=\"197\" srcset=\"https:\/\/puellaro.gob.ec\/pichincha\/wp-content\/uploads\/2021\/06\/IMG_0034-550x309.jpg 550w, https:\/\/puellaro.gob.ec\/pichincha\/wp-content\/uploads\/2021\/06\/IMG_0034-1024x576.jpg 1024w, https:\/\/puellaro.gob.ec\/pichincha\/wp-content\/uploads\/2021\/06\/IMG_0034-768x432.jpg 768w, https:\/\/puellaro.gob.ec\/pichincha\/wp-content\/uploads\/2021\/06\/IMG_0034-1536x864.jpg 1536w, https:\/\/puellaro.gob.ec\/pichincha\/wp-content\/uploads\/2021\/06\/IMG_0034-2048x1152.jpg 2048w\" sizes=\"auto, (max-width: 351px) 100vw, 351px\" \/><img loading=\"lazy\" decoding=\"async\" class=\"alignnone  wp-image-2799\" src=\"https:\/\/puellaro.gob.ec\/pichincha\/wp-content\/uploads\/2021\/06\/IMG_0025-550x309.jpg\" alt=\"\" width=\"313\" height=\"176\" srcset=\"https:\/\/puellaro.gob.ec\/pichincha\/wp-content\/uploads\/2021\/06\/IMG_0025-550x309.jpg 550w, https:\/\/puellaro.gob.ec\/pichincha\/wp-content\/uploads\/2021\/06\/IMG_0025-1024x576.jpg 1024w, https:\/\/puellaro.gob.ec\/pichincha\/wp-content\/uploads\/2021\/06\/IMG_0025-768x432.jpg 768w, https:\/\/puellaro.gob.ec\/pichincha\/wp-content\/uploads\/2021\/06\/IMG_0025-1536x864.jpg 1536w, https:\/\/puellaro.gob.ec\/pichincha\/wp-content\/uploads\/2021\/06\/IMG_0025-2048x1152.jpg 2048w\" sizes=\"auto, (max-width: 313px) 100vw, 313px\" \/>\u00a0 \u00a0 \u00a0 \u00a0 <img loading=\"lazy\" decoding=\"async\" class=\"alignnone  wp-image-2797\" src=\"https:\/\/puellaro.gob.ec\/pichincha\/wp-content\/uploads\/2021\/06\/IMG_0022-550x309.jpg\" alt=\"\" width=\"300\" height=\"169\" srcset=\"https:\/\/puellaro.gob.ec\/pichincha\/wp-content\/uploads\/2021\/06\/IMG_0022-550x309.jpg 550w, https:\/\/puellaro.gob.ec\/pichincha\/wp-content\/uploads\/2021\/06\/IMG_0022-1024x576.jpg 1024w, https:\/\/puellaro.gob.ec\/pichincha\/wp-content\/uploads\/2021\/06\/IMG_0022-768x432.jpg 768w, https:\/\/puellaro.gob.ec\/pichincha\/wp-content\/uploads\/2021\/06\/IMG_0022-1536x864.jpg 1536w, https:\/\/puellaro.gob.ec\/pichincha\/wp-content\/uploads\/2021\/06\/IMG_0022-2048x1152.jpg 2048w\" sizes=\"auto, (max-width: 300px) 100vw, 300px\" \/><img loading=\"lazy\" decoding=\"async\" class=\"alignnone  wp-image-2796\" src=\"https:\/\/puellaro.gob.ec\/pichincha\/wp-content\/uploads\/2021\/06\/IMG_0019-550x309.jpg\" alt=\"\" width=\"303\" height=\"170\" srcset=\"https:\/\/puellaro.gob.ec\/pichincha\/wp-content\/uploads\/2021\/06\/IMG_0019-550x309.jpg 550w, https:\/\/puellaro.gob.ec\/pichincha\/wp-content\/uploads\/2021\/06\/IMG_0019-1024x576.jpg 1024w, https:\/\/puellaro.gob.ec\/pichincha\/wp-content\/uploads\/2021\/06\/IMG_0019-768x432.jpg 768w, https:\/\/puellaro.gob.ec\/pichincha\/wp-content\/uploads\/2021\/06\/IMG_0019-1536x864.jpg 1536w, https:\/\/puellaro.gob.ec\/pichincha\/wp-content\/uploads\/2021\/06\/IMG_0019-2048x1152.jpg 2048w\" sizes=\"auto, (max-width: 303px) 100vw, 303px\" \/><img loading=\"lazy\" decoding=\"async\" class=\"alignnone  wp-image-2795\" src=\"https:\/\/puellaro.gob.ec\/pichincha\/wp-content\/uploads\/2021\/06\/IMG_0009-550x309.jpg\" alt=\"\" width=\"304\" height=\"171\" srcset=\"https:\/\/puellaro.gob.ec\/pichincha\/wp-content\/uploads\/2021\/06\/IMG_0009-550x309.jpg 550w, https:\/\/puellaro.gob.ec\/pichincha\/wp-content\/uploads\/2021\/06\/IMG_0009-1024x576.jpg 1024w, https:\/\/puellaro.gob.ec\/pichincha\/wp-content\/uploads\/2021\/06\/IMG_0009-768x432.jpg 768w, https:\/\/puellaro.gob.ec\/pichincha\/wp-content\/uploads\/2021\/06\/IMG_0009-1536x864.jpg 1536w, https:\/\/puellaro.gob.ec\/pichincha\/wp-content\/uploads\/2021\/06\/IMG_0009-2048x1152.jpg 2048w\" sizes=\"auto, (max-width: 304px) 100vw, 304px\" \/><img loading=\"lazy\" decoding=\"async\" class=\"alignnone size-medium wp-image-2794\" src=\"https:\/\/puellaro.gob.ec\/pichincha\/wp-content\/uploads\/2021\/06\/INVITACI\u00d3N-P\u00daBLICA-550x461.jpg\" alt=\"\" width=\"550\" height=\"461\" srcset=\"https:\/\/puellaro.gob.ec\/pichincha\/wp-content\/uploads\/2021\/06\/INVITACI\u00d3N-P\u00daBLICA-550x461.jpg 550w, https:\/\/puellaro.gob.ec\/pichincha\/wp-content\/uploads\/2021\/06\/INVITACI\u00d3N-P\u00daBLICA-768x644.jpg 768w, https:\/\/puellaro.gob.ec\/pichincha\/wp-content\/uploads\/2021\/06\/INVITACI\u00d3N-P\u00daBLICA.jpg 940w\" sizes=\"auto, (max-width: 550px) 100vw, 550px\" \/>[vc_row][vc_column][vc_column_text]Iniciamos el proceso de rendici\u00f3n de cuentas del per\u00edodo 2020 y para nosotros es importante tu participaci\u00f3n directa, por eso, c\u00f3mo plantea la ley, abrimos este formulario de consultas ciudadanas para que puedan plantear las preguntas que consideren necesarias sobre el trabajo del Gobierno Parroquial de Pu\u00e9llaro 2020.<\/p>\n<p>Documentos de respaldo:<\/p>\n<p><a href=\"https:\/\/puellaro.gob.ec\/pichincha\/wp-content\/uploads\/2020\/07\/PDOT-PUELLARO-RECTIFICADO-18-DIC-2020.pdf\" target=\"_blank\" rel=\"noopener noreferrer\">PDOT PU\u00c9LLARO<\/a><\/p>\n<p><a href=\"https:\/\/puellaro.gob.ec\/pichincha\/wp-content\/uploads\/2020\/07\/POA-2020.pdf\" target=\"_blank\" rel=\"noopener noreferrer\">POA 2020<\/a><\/p>\n<p><a href=\"https:\/\/puellaro.gob.ec\/pichincha\/wp-content\/uploads\/2020\/07\/PLAN-DE-CAMPAN\u0303A-SR.-PULLAS-INSCRITO-EN-EL-CNE.pdf\" target=\"_blank\" rel=\"noopener noreferrer\">PLAN DE GOBIERNO<\/a><\/p>\n<p>&nbsp;<\/p>\n<p><strong>HAZ TU CONSULTA AQU\u00cd<\/strong><\/p>\n<div class=\"wpforms-container wpforms-container-full\" id=\"wpforms-2777\"><form id=\"wpforms-form-2777\" class=\"wpforms-validate wpforms-form\" data-formid=\"2777\" method=\"post\" enctype=\"multipart\/form-data\" action=\"\/pichincha\/index.php?rest_route=%2Fwp%2Fv2%2Fpages%2F2020\" data-token=\"3d6ca07d2f8de7b128338ed6a57e62d2\" data-token-time=\"1777801643\"><noscript class=\"wpforms-error-noscript\">Por favor, activa JavaScript en tu navegador para completar este formulario.<\/noscript><div class=\"wpforms-field-container\"><div id=\"wpforms-2777-field_1-container\" class=\"wpforms-field wpforms-field-name\" data-field-id=\"1\"><label class=\"wpforms-field-label\">Nombre <span class=\"wpforms-required-label\">*<\/span><\/label><div class=\"wpforms-field-row wpforms-field-medium\"><div class=\"wpforms-field-row-block wpforms-first wpforms-one-half\"><input type=\"text\" id=\"wpforms-2777-field_1\" class=\"wpforms-field-name-first wpforms-field-required\" name=\"wpforms[fields][1][first]\" required><label for=\"wpforms-2777-field_1\" class=\"wpforms-field-sublabel after\">Nombre<\/label><\/div><div class=\"wpforms-field-row-block wpforms-one-half\"><input type=\"text\" id=\"wpforms-2777-field_1-last\" class=\"wpforms-field-name-last wpforms-field-required\" name=\"wpforms[fields][1][last]\" required><label for=\"wpforms-2777-field_1-last\" class=\"wpforms-field-sublabel after\">Apellidos<\/label><\/div><\/div><\/div><div id=\"wpforms-2777-field_3-container\" class=\"wpforms-field wpforms-field-email\" data-field-id=\"3\"><label class=\"wpforms-field-label\" for=\"wpforms-2777-field_3\">Correo electr\u00f3nico <span class=\"wpforms-required-label\">*<\/span><\/label><input type=\"email\" id=\"wpforms-2777-field_3\" class=\"wpforms-field-medium wpforms-field-required\" name=\"wpforms[fields][3]\" spellcheck=\"false\" required><\/div><div id=\"wpforms-2777-field_5-container\" class=\"wpforms-field wpforms-field-text\" data-field-id=\"5\"><label class=\"wpforms-field-label\" for=\"wpforms-2777-field_5\">Organizaci\u00f3n, Instituci\u00f3n, Barrio o Comuna <span class=\"wpforms-required-label\">*<\/span><\/label><input type=\"text\" id=\"wpforms-2777-field_5\" class=\"wpforms-field-medium wpforms-field-required\" name=\"wpforms[fields][5]\" required><\/div><div id=\"wpforms-2777-field_6-container\" class=\"wpforms-field wpforms-field-textarea\" data-field-id=\"6\"><label class=\"wpforms-field-label\" for=\"wpforms-2777-field_6\">Consulta.<\/label><textarea id=\"wpforms-2777-field_6\" class=\"wpforms-field-medium\" name=\"wpforms[fields][6]\" ><\/textarea><\/div><\/div><!-- .wpforms-field-container --><div class=\"wpforms-submit-container\" ><input type=\"hidden\" name=\"wpforms[id]\" value=\"2777\"><input type=\"hidden\" name=\"page_title\" value=\"\"><input type=\"hidden\" name=\"page_url\" value=\"https:\/\/puellaro.gob.ec\/pichincha\/index.php?rest_route=\/wp\/v2\/pages\/2020\"><input type=\"hidden\" name=\"url_referer\" value=\"\"><button type=\"submit\" name=\"wpforms[submit]\" id=\"wpforms-submit-2777\" class=\"wpforms-submit\" data-alt-text=\"Enviando...\" data-submit-text=\"Enviar\" aria-live=\"assertive\" value=\"wpforms-submit\">Enviar<\/button><\/div><\/form><\/div>  <!-- .wpforms-container -->\n","protected":false},"excerpt":{"rendered":"<p>\u00a0 \u00a0 \u00a0 \u00a0 \u00a0 \u00a0 \u00a0 \u00a0 \u00a0 \u00a0 \u00a0 \u00a0\u00a0 \u00a0 \u00a0 \u00a0 \u00a0 \u00a0 \u00a0 \u00a0 \u00a0\u00a0 \u00a0 \u00a0 \u00a0 [vc_row][vc_column][vc_column_text]Iniciamos el proceso de rendici\u00f3n de cuentas del per\u00edodo 2020 y para nosotros es importante tu participaci\u00f3n directa, por eso, c\u00f3mo plantea la ley, abrimos este formulario de consultas ciudadanas para que&#8230;<\/p>\n","protected":false},"author":6,"featured_media":0,"parent":0,"menu_order":0,"comment_status":"closed","ping_status":"closed","template":"","meta":{"footnotes":""},"class_list":["post-2020","page","type-page","status-publish","hentry"],"_links":{"self":[{"href":"https:\/\/puellaro.gob.ec\/pichincha\/index.php?rest_route=\/wp\/v2\/pages\/2020","targetHints":{"allow":["GET"]}}],"collection":[{"href":"https:\/\/puellaro.gob.ec\/pichincha\/index.php?rest_route=\/wp\/v2\/pages"}],"about":[{"href":"https:\/\/puellaro.gob.ec\/pichincha\/index.php?rest_route=\/wp\/v2\/types\/page"}],"author":[{"embeddable":true,"href":"https:\/\/puellaro.gob.ec\/pichincha\/index.php?rest_route=\/wp\/v2\/users\/6"}],"replies":[{"embeddable":true,"href":"https:\/\/puellaro.gob.ec\/pichincha\/index.php?rest_route=%2Fwp%2Fv2%2Fcomments&post=2020"}],"version-history":[{"count":10,"href":"https:\/\/puellaro.gob.ec\/pichincha\/index.php?rest_route=\/wp\/v2\/pages\/2020\/revisions"}],"predecessor-version":[{"id":2811,"href":"https:\/\/puellaro.gob.ec\/pichincha\/index.php?rest_route=\/wp\/v2\/pages\/2020\/revisions\/2811"}],"wp:attachment":[{"href":"https:\/\/puellaro.gob.ec\/pichincha\/index.php?rest_route=%2Fwp%2Fv2%2Fmedia&parent=2020"}],"curies":[{"name":"wp","href":"https:\/\/api.w.org\/{rel}","templated":true}]}}