{"id":1288,"date":"2018-02-20T19:49:49","date_gmt":"2018-02-20T23:49:49","guid":{"rendered":"http:\/\/puellaro.gob.ec\/pichincha\/?page_id=1288"},"modified":"2019-05-11T17:48:19","modified_gmt":"2019-05-11T21:48:19","slug":"rendicion-de-cuentas-2018","status":"publish","type":"page","link":"https:\/\/puellaro.gob.ec\/pichincha\/?page_id=1288","title":{"rendered":"Rendici\u00f3n de Cuentas 2018"},"content":{"rendered":"[vc_row][vc_column][vc_accordion collapsible=\u00bb\u00bb disable_keyboard=\u00bb\u00bb][vc_accordion_tab title=\u00bbFASES DE LA RENDICION DE CUENTAS\u00bb][vc_wp_text]Click en la fase a consultar<\/p>\n<p>&nbsp;<\/p>\n<h3>FASE 1: PLANIFICACI\u00d3N Y FACILITACI\u00d3N DEL PROCESO<\/h3>\n<p><a href=\"http:\/\/puellaro.gob.ec\/pichincha\/wp-content\/uploads\/2019\/05\/CONFORMACION-EQUIPO-TECNICO.pdf\">1.- ORGANIZACION DEL PROCESO<\/a><\/p>\n<p><a href=\"http:\/\/puellaro.gob.ec\/pichincha\/wp-content\/uploads\/2019\/05\/CONTRATO.pdf\">2.- CONTRATO TECNICO PARA LA RENDICION DE CUENTAS<\/a><\/p>\n<p><a href=\"http:\/\/puellaro.gob.ec\/pichincha\/wp-content\/uploads\/2019\/05\/SOLICITUD-DE-PREGUNTAS-A-LA-COMUNIDAD.pdf\">3.- CONVOCATORIA A ORGANIZACIONES SOCILAES Y CIUDADANIA EN GENERAL<\/a><\/p>\n<p><a href=\"http:\/\/puellaro.gob.ec\/pichincha\/wp-content\/uploads\/2019\/05\/ASISTENCIA-RENDICION-DE-CUENTAS.pdf\">4.- REGISTRO DE CONVOCATORA A LA DELIBERACION PUBLICA<\/a><\/p>\n<p><a href=\"http:\/\/puellaro.gob.ec\/pichincha\/wp-content\/uploads\/2019\/05\/INSTANCIAS-DE-PARTICIPACI\u00d3N.pdf\">5.- INSTANCIAS DE PARTICIPACI\u00d3N<\/a><\/p>\n<p><a href=\"http:\/\/puellaro.gob.ec\/pichincha\/wp-content\/uploads\/2017\/02\/FLUJOGRAMA-DE-LA-FASE.pdf\">6.- FLUJOGRAMA DE LA FASE<\/a><\/p>\n<h3>FASE 2: EVALUACI\u00d3N DE LA GESTI\u00d3N Y ELABORACI\u00d3N DEL INFORME DE RENDICI\u00d3N DE CUENTAS<\/h3>\n<p><a href=\"http:\/\/puellaro.gob.ec\/pichincha\/wp-content\/uploads\/2019\/05\/FORMULARIO-DE-RENDICION-DE-CUENTAS-2018-2.pdf\">FORMULARIO GAD 2018<\/a><\/p>\n<p><a href=\"http:\/\/puellaro.gob.ec\/pichincha\/wp-content\/uploads\/2019\/05\/FORMULARIO-CPCCS-2018.pdf\">FORMULARIO CPCCS 2018<\/a><\/p>\n<p><a href=\"http:\/\/puellaro.gob.ec\/pichincha\/wp-content\/uploads\/2019\/05\/PRESENTACION-2018.pdf\">INFORME GASTOS E INGRESOS 2018<\/a><\/p>\n<p><a href=\"http:\/\/puellaro.gob.ec\/pichincha\/wp-content\/uploads\/2019\/05\/INFORME-PRESIDENTE.pdf\">RC PRESIDENTE<\/a><\/p>\n<p><a href=\"http:\/\/puellaro.gob.ec\/pichincha\/wp-content\/uploads\/2019\/05\/informe-hernan-loachamin.pdf\">RC VICEPRESIDENTE HERNAN LOACHAMIN<\/a><\/p>\n<p><a href=\"http:\/\/puellaro.gob.ec\/pichincha\/wp-content\/uploads\/2019\/05\/INFORME-DAVID-ENRIQUEZ.pdf\">RC VOCAL PRINCIPAL DAVID ENRIQUEZ<\/a><\/p>\n<p><a href=\"http:\/\/puellaro.gob.ec\/pichincha\/wp-content\/uploads\/2019\/05\/INFORME-ALFREDO-MASABANDA.pdf\">RC VOCAL PRINCIPAL ALFREDO MASABANDA<\/a><\/p>\n<p><a href=\"http:\/\/puellaro.gob.ec\/pichincha\/wp-content\/uploads\/2019\/05\/INFORME-GERMAN-TORRES.pdf\">RC VOCAL PRINCIPAL GERMAN TORRES<\/a><\/p>\n<p>&nbsp;<\/p>\n<p>&nbsp;<\/p>\n<h3>FASE 3: DELIBERACI\u00d3N P\u00daBLICA Y EVALUACI\u00d3N CIUDADANA DEL INFORME DE RENDICI\u00d3N DE CUENTAS<\/h3>\n<p>1.- LA ASAMBLEA CIUDADANA LOCAL EVAL\u00daA EL INFORME DE RENDICI\u00d3N DE CUENTAS<\/p>\n<h3><img loading=\"lazy\" decoding=\"async\" class=\"alignnone size-medium wp-image-1972\" src=\"http:\/\/puellaro.gob.ec\/pichincha\/wp-content\/uploads\/2019\/05\/foto-deliberacion-550x310.jpg\" alt=\"\" width=\"550\" height=\"310\" srcset=\"https:\/\/puellaro.gob.ec\/pichincha\/wp-content\/uploads\/2019\/05\/foto-deliberacion-550x310.jpg 550w, https:\/\/puellaro.gob.ec\/pichincha\/wp-content\/uploads\/2019\/05\/foto-deliberacion.jpg 700w\" sizes=\"auto, (max-width: 550px) 100vw, 550px\" \/><\/h3>\n<p><a href=\"http:\/\/puellaro.gob.ec\/pichincha\/wp-content\/uploads\/2019\/05\/FORMULARIO-DE-RENDICION-DE-CUENTAS-2018-2.pdf\">2. DIFUSI\u00d3N PREVIA DEL INFORME DE RENDICI\u00d3N DE CUENTAS<\/a><\/p>\n<p><a href=\"https:\/\/www.facebook.com\/photo.php?fbid=1000114003520919&amp;set=a.220291734836487&amp;type=3&amp;theater\">3.- CONVOCATORIA\u00a0 A LA DELIBERACI\u00d3N P\u00daBLICA\u00a0 Y EVALUACI\u00d3N CIUDADANA<\/a><\/p>\n<p><a href=\"https:\/\/www.facebook.com\/pg\/GAD-Parroquial-Pu%C3%A9llaro-P%C3%A1g-Oficial-762015620495903\/photos\/?tab=album&amp;album_id=2453999721297476&amp;__xts__%5B0%5D=68.ARA2TbJTtDATOYNo0REDoSvuBha69YgGvNWuP6SZf9FsmI7Df_EOcoQaJwJpNfACOebdMdI34cuoAug5rbJA_lxz6yj1TVEO91AY4ury2tt4Jm-2g2ewA5YUX5rMMi9O033IbVAU4DiYkephxiDGaUzw2jt41ckKkzR5cYBw4QulHp4AbtpiYLunPkc4OUMRtsKqpF8Q7T7IiQwgQ8WFcC-7Eij9MmEGEMPDsARffq5_aVFPuRpNWkxmY-74-Q8tkXRkWGbCGOAEnKaWuh-L0FJObAe04q_xxyKQdok8ovI8DKeCC3I4zUT0hPwHydk4RjaSmyRAK3tOFT-bs8WDZ85tuD6MX6_CKtie9OfsJ0emRbufNXYzOmikNIvOS7ayMrTd07qisTZvOFzz9dJUwzKwn_j0vgCeEwm3Kxr6-4UqItv1szahcawvK1E8NaNx3dPbmyDmuEk_zlU6DTB2&amp;__tn__=-UC-R\" target=\"_blank\" rel=\"noopener noreferrer\">4.-DELIBERACI\u00d3N PUBLICA Y EVALUACI\u00d3N CIUDADANA<\/a><\/p>\n<p>&nbsp;<\/p>\n<h3>FASE 4:<\/h3>\n<p>&nbsp;<\/p>\n[\/vc_wp_text][\/vc_accordion_tab][\/vc_accordion][vc_column_text][\/vc_column_text][\/vc_column][\/vc_row]\n","protected":false},"excerpt":{"rendered":"<p>[vc_row][vc_column][vc_accordion collapsible=\u00bb\u00bb disable_keyboard=\u00bb\u00bb][vc_accordion_tab title=\u00bbFASES DE LA RENDICION DE CUENTAS\u00bb][vc_wp_text]Click en la fase a consultar &nbsp; FASE 1: PLANIFICACI\u00d3N Y FACILITACI\u00d3N DEL PROCESO 1.- ORGANIZACION DEL PROCESO 2.- CONTRATO TECNICO PARA LA RENDICION DE CUENTAS 3.- CONVOCATORIA A ORGANIZACIONES SOCILAES Y CIUDADANIA EN GENERAL 4.- REGISTRO DE CONVOCATORA A LA DELIBERACION PUBLICA 5.- INSTANCIAS DE PARTICIPACI\u00d3N&#8230;<\/p>\n","protected":false},"author":6,"featured_media":0,"parent":0,"menu_order":0,"comment_status":"closed","ping_status":"closed","template":"","meta":{"footnotes":""},"class_list":["post-1288","page","type-page","status-publish","hentry"],"_links":{"self":[{"href":"https:\/\/puellaro.gob.ec\/pichincha\/index.php?rest_route=\/wp\/v2\/pages\/1288","targetHints":{"allow":["GET"]}}],"collection":[{"href":"https:\/\/puellaro.gob.ec\/pichincha\/index.php?rest_route=\/wp\/v2\/pages"}],"about":[{"href":"https:\/\/puellaro.gob.ec\/pichincha\/index.php?rest_route=\/wp\/v2\/types\/page"}],"author":[{"embeddable":true,"href":"https:\/\/puellaro.gob.ec\/pichincha\/index.php?rest_route=\/wp\/v2\/users\/6"}],"replies":[{"embeddable":true,"href":"https:\/\/puellaro.gob.ec\/pichincha\/index.php?rest_route=%2Fwp%2Fv2%2Fcomments&post=1288"}],"version-history":[{"count":10,"href":"https:\/\/puellaro.gob.ec\/pichincha\/index.php?rest_route=\/wp\/v2\/pages\/1288\/revisions"}],"predecessor-version":[{"id":1978,"href":"https:\/\/puellaro.gob.ec\/pichincha\/index.php?rest_route=\/wp\/v2\/pages\/1288\/revisions\/1978"}],"wp:attachment":[{"href":"https:\/\/puellaro.gob.ec\/pichincha\/index.php?rest_route=%2Fwp%2Fv2%2Fmedia&parent=1288"}],"curies":[{"name":"wp","href":"https:\/\/api.w.org\/{rel}","templated":true}]}}